
19
Calculate the greatest common divisor of 64 and 452.
4
What is the highest common divisor of 126 and 486?
18
What is the greatest common divisor of 24 and 24?
24
Calculate the highest common factor of 360 and 45.
45
Calculate the highest common divisor of 3071 and 481.
37
What is the greatest common divisor of 250 and 2?
2
Calculate the highest common divisor of 1344 and 36.
12
Calculate the highest common factor of 1832 and 24.
8
Calculate the highest common divisor of 7 and 47761.
7
What is the greatest common divisor of 2806 and 854?
122
What is the greatest common divisor of 230 and 207?
23
Calculate the highest common factor of 18 and 46962.
18
What is the greatest common factor of 2655 and 135?
45
Calculate the highest common factor of 255 and 2703.
51
Calculate the highest common factor of 750 and 90.
30
What is the highest common factor of 3621 and 426?
213
What is the highest common factor of 169 and 208?
13
Calculate the greatest common divisor of 396 and 4950.
198
Calculate the greatest common factor of 469 and 35.
7
What is the greatest common divisor of 26620 and 11?
11
What is the highest common factor of 92 and 69?
23
Calculate the greatest common divisor of 144 and 720.
144
What is the greatest common divisor of 19 and 12977?
19
Calculate the highest common factor of 104 and 130.
26
What is the highest common factor of 2106 and 810?
162
What is the greatest common divisor of 60 and 1860?
60
Calculate the greatest common divisor of 170 and 646.
34
Calculate the highest common factor of 3753 and 27.
27
What is the greatest common divisor of 4440 and 72?
24
Calculate the highest common divisor of 7464 and 24.
24
Calculate the highest common factor of 55 and 165.
55
Calculate the greatest common factor of 111 and 7807.
37
Calculate the highest common factor of 378 and 918.
54
What is the greatest common factor of 21 and 336?
21
Calculate the highest common factor of 408 and 1768.
136
Calculate the greatest common divisor of 115 and 20.
5
What is the highest common divisor of 48 and 816?
48
Calculate the highest common factor of 1062 and 126.
18
Calculate the greatest common divisor of 23 and 2576.
23
What is the highest common factor of 45 and 5?
5
What is the highest common factor of 51 and 204?
51
Calculate the highest common divisor of 1036 and 6956.
148
What is the greatest common divisor of 46 and 5198?
46
What is the highest common divisor of 1 and 445?
1
Calculate the highest common factor of 114 and 456.
114
Calculate the highest common divisor of 18 and 597.
3
Calculate the greatest common factor of 125 and 25.
25
What is the greatest common factor of 32 and 352?
32
What is the greatest common divisor of 23 and 2?
1
Calculate the highest common factor of 19 and 3211.
19
Calculate the highest common factor of 2324 and 14.
14
What is the greatest common divisor of 495 and 220?
55
Calculate the highest common factor of 15260 and 84.
28
Calculate the highest common divisor of 8360 and 264.
88
Calculate the highest common divisor of 10 and 3295.
5
What is the greatest common factor of 33 and 132?
33
What is the greatest common divisor of 15 and 372?
3
What is the highest common factor of 22 and 253?
11
What is the highest common divisor of 26 and 42?
2
Calculate the greatest common divisor of 69 and 5428.
23
Calculate the highest common divisor of 175 and 7.
7
Calculate the highest common factor of 86 and 43.
43
Calculate the greatest common divisor of 14 and 119.
7
Calculate the greatest common divisor of 288 and 108.
36
Calculate the highest common factor of 1 and 8.
1
What is the highest common factor of 485 and 5?
5
Calculate the highest common divisor of 3 and 4.
1
What is the greatest common divisor of 702 and 13?
13
Calculate the highest common factor of 1 and 7.
1
Calculate the highest common factor of 34 and 17.
17
What is the highest common divisor of 97 and 4171?
97
What is the highest common factor of 11205 and 135?
135
Calculate the highest common divisor of 1404 and 297.
27
What is the highest common factor of 22665 and 15?
15
Calculate the highest common divisor of 237 and 21.
3
What is the highest common factor of 1722 and 7?
7
What is the greatest common factor of 1496 and 33?
11
Calculate the highest common divisor of 2 and 3898.
2
Calculate the highest common factor of 5230 and 10.
10
Calculate the greatest common factor of 528 and 33.
33
What is the greatest common factor of 68 and 24276?
68
Calculate the greatest common divisor of 473 and 22.
11
Calculate the greatest common factor of 255 and 680.
85
Calculate the highest common factor of 8 and 1186.
2
Calculate the greatest common factor of 48 and 228.
12
Calculate the greatest common factor of 984 and 8.
8
What is the highest common divisor of 77923 and 29?
29
What is the highest common factor of 1088 and 17?
17
Calculate the greatest common divisor of 10 and 230.
10
What is the highest common factor of 532 and 931?
133
Calculate the greatest common divisor of 4 and 74.
2
What is the highest common factor of 465 and 2232?
93
Calculate the greatest common factor of 6040 and 80.
40
Calculate the greatest common factor of 315 and 252.
63
What is the highest common factor of 1457 and 31?
31
What is the highest common divisor of 40 and 3320?
40
Calculate the highest common divisor of 20 and 32.
4
Calculate the highest common factor of 1932 and 728.
28
Calculate the highest common factor of 10 and 4860.
10
What is the highest common factor of 26 and 442?
26
Calculate the highest common divisor of 204 and 8058.
102
What is the highest common factor of 354 and 826?
118
Calculate the highest common divisor of 6 and 15.
3
What is the greatest common divisor of 1161 and 9?
9
What is the highest common factor of 252 and 476?
28
What is the highest common divisor of 53 and 1643?
53
What is the highest common factor of 162 and 126?
18
Calculate the greatest common factor of 91 and 13741.
91
What is the highest common factor of 949 and 73?
73
Calculate the greatest common divisor of 8 and 376.
8
Calculate the greatest common factor of 8582 and 14.
14
What is the greatest common factor of 646 and 76?
38
What is the highest common divisor of 850 and 75?
25
What is the greatest common factor of 12 and 5196?
12
Calculate the highest common divisor of 12 and 100596.
12
What is the highest common factor of 646 and 238?
34
What is the greatest common factor of 6493 and 344?
43
What is the greatest common divisor of 324 and 81?
81
What is the greatest common factor of 9 and 51?
3
What is the greatest common factor of 638 and 154?
22
Calculate the highest common factor of 24 and 2760.
24
Calculate the highest common divisor of 30 and 570.
30
Calculate the highest common divisor of 216 and 378.
54
What is the highest common factor of 817 and 19?
19
What is the greatest common factor of 2189 and 209?
11
What is the highest common factor of 22 and 638?
22
Calculate the highest common factor of 119 and 28.
7
Calculate the greatest common factor of 195 and 555.
15
What is the greatest common divisor of 4 and 1208?
4
Calculate the highest common divisor of 33 and 1.
1
What is the greatest common factor of 571 and 1?
1
Calculate the highest common factor of 9425 and 116.
29
Calculate the greatest common divisor of 1565 and 45.
5
What is the highest common divisor of 11 and 209?
11
What is the highest common factor of 3200 and 300?
100
Calculate the highest common factor of 21 and 3143.
7
Calculate the greatest common factor of 20 and 4.
4
What is the greatest common divisor of 120 and 2790?
30
What is the greatest common divisor of 5 and 515?
5
What is the highest common factor of 27 and 405?
27
Calculate the greatest common factor of 265 and 159.
53
What is the highest common factor of 4294 and 452?
226
What is the greatest common factor of 459 and 54?
27
Calculate the greatest common factor of 8 and 4072.
8
Calculate the greatest common divisor of 23 and 1265.
23
Calculate the greatest common divisor of 12 and 300.
12
Calculate the greatest common factor of 5 and 2235.
5
Calculate the highest common divisor of 27 and 1989.
9
What is the highest common factor of 56 and 1512?
56
Calculate the highest common divisor of 75 and 1185.
15
What is the highest common factor of 35 and